s the thousands digit of f?
9
Suppose -21640*t = -21656*t + 127280. What is the hundreds digit of t?
9
Suppose 202*w - 205*w - 5*d = -56696, w - 2*d - 18917 = 0. What is the tens digit of w?
0
Suppose -4*b = -3*m - 139264, 0 = -75*m + 80*m - 20. What is the thousands digit of b?
4
Let t(u) = -u**2 - 5*u + 54. Let p be t(-12). Let h be (2 + p)/(3/(-36)*-1). Let j = 573 + h. What is the tens digit of j?
3
Suppose 9 = 5*o + 5*j - 16, 0 = 5*j + 15. Let y(d) = d**2 + 5*d - 4. Let t be y(2). What is the hundreds digit of (134 - 2/(-2)) + (o - t)?
1
Let q = 288 + 181. Let f = -128 + q. What is the tens digit of f?
4
Suppose -7836779 = -918*o + 71540845. What is the hundreds digit of o?
4
Suppose 0 = -0*w + w - 3. Suppose 187 = 16*t - 1125. Suppose -2*y - k = -y - 20, -t = -4*y - w*k. What is the units digit of y?
2
Suppose -4 = -0*j - 2*j. Suppose -j*f + 7 = -9. Let h(i) = -i**2 + 12*i + 1. What is the units digit of h(f)?
3
Let j(v) = 30*v**2 - 28*v - 579. What is the thousands digit of j(-32)?
1
Let m(y) = 23*y**2 - 35*y + 606. What is the ten thousands digit of m(-41)?
4
Suppose 2*x = 3*n - 19571, 349*n - 354*n = 3*x - 32593. What is the tens digit of n?
2
Let d = -150 + 388. Let l = 400 - d. What is the tens digit of l?
6
Let y = 117 - 67. Suppose -y*w + 43*w = -10661. What is the units digit of w?
3
Let w(f) = -2*f**3 - 11*f**2 + 20*f - 2. Let o be w(-7). Suppose -4*c + 2385 = o*j + c, -2*c - 1932 = -4*j. What is the tens digit of j?
8
Let b(s) = 37*s - 1. Suppose -k = 0, w + 0*k = 2*k - 6. Let m be (-1*(w - -2))/((-4)/(-6)). What is the hundreds digit of b(m)?
2
Suppose 13 = 11*i - 9. Suppose -3*m + 610 = -2*g - i*g, 598 = 3*m - g. What is the tens digit of m?
9
Let l(x) = 3*x**2 + 26*x + 4. Let s be l(-9). Suppose -s*o + 7*o = -258. What is the tens digit of o?
4
Let q = -8559 + 14475. What is the hundreds digit of q?
9
Let i = -3098 - -6174. What is the units digit of i?
6
Let l be 7/(-42) - 2/12*-31. Suppose j = 2*b + 86, -l*b + 6*b - 293 = -3*j. Let z = 174 - j. What is the tens digit of z?
7
Let w(d) = 12*d**2 - d + 7. Let b(n) = -25*n**2 + n - 13. Let l(q) = -3*b(q) - 5*w(q). Let u be l(-4). Suppose 2*a - u = 28. What is the units digit of a?
2
Let v = -716 + 732. Suppose 5*k + 0*k = 605. Let s = v + k. What is the tens digit of s?
3
Let t(h) be the first derivative of -h**4/12 + h**3/2 + 7*h**2/2 - 18. Let p(d) be the second derivative of t(d). What is the units digit of p(-1)?
5
Let t be (-15)/(-6) + -2 - 2/4. Suppose -4*v - 447 + 1489 = -2*w, 2*w + 6 = t. Let p = v + -164. What is the units digit of p?
5
Let o = 17641 + -6198. What is the tens digit of o?
4
Let w(j) be the first derivative of -1/2*j**2 - 2*j + 6*j**4 + 1/3*j**3 + 7. What is the hundreds digit of w(2)?
1
Let d be (-36)/(-10) - (64/(-20))/8. Suppose 2*t - 175 = -14*b + 13*b, 3*b - 521 = -d*t. What is the units digit of b?
1
Suppose 4*s - 139 = g, s + 5*g - 46 - 15 = 0. Suppose 117 = -s*z + 27*z. What is the hundreds digit of (-139)/(-1) + 9 + z?
1
Suppose 0 = 4*w - 7*w - 9. Let t(l) = 40*l**2 - 14*l - 51. What is the tens digit of t(w)?
5
Suppose -23873 = -4*o + 5*z, 47*o - 43*o - 23843 = -z. What is the thousands digit of o?
5
Let f(w) = w**3 + 4*w**2 - 7*w - 11. Let i be f(-5). What is the tens digit of 422 + i + -6 + (-24)/(-3)?
2
Suppose 3*y = -2*s + 27, -4*y + 32 = 5*s - 18. Suppose -3*x + 185 = 4*h, 4*x + h - 244 + s = 0. Suppose 2*j - 233 = -x. What is the tens digit of j?
8
Let p = -690 + -1002. Let r = -523 - p. What is the tens digit of r?
6
Let g be 137 + -1 - 8/2. Let j = -136 + g. Let k(h) = -58*h - 33. What is the tens digit of k(j)?
9
Let h(f) = -63*f**3 + 4*f**2 - f - 7. Suppose 20*j = 13*j - 14. What is the units digit of h(j)?
5
Let f = -2555 - -2592. What is the tens digit of f?
3
Suppose -3*j + 16 - 4 = 0. Suppose -j*f + f = -m + 39, -4*m = -f - 101. Let o = 130 + m. What is the units digit of o?
4
Let f(r) = -r**3 - 6*r**2 + 15*r + 61. Let g be f(-7). Suppose 1567 = g*u - 218. What is the units digit of u?
7
Suppose -w - 14691 = -15*s + 11*s, s = 3*w + 3681. Suppose 3608 = 13*m - s. What is the units digit of m?
0
Let r(j) = j**3 + 2*j**2 + 10*j + 17. Let t be r(-2). Let f = 7 + -6. What is the tens digit of (f + t - -68)*84/24?
3
Suppose -15*k - 6 = -12*k. Let r be k*(5 - (-36)/(-8)). What is the tens digit of (2 + 1 + -140)*r?
3
Let q be 2266*(7/2)/((-17)/(-34)). Suppose 28*y + q = 42*y. What is the tens digit of y?
3
Let g(k) = 4*k - 2. Let j be g(4). Let t be (j - -2) + (-7 - -8). Suppose 0 = t*f - 24*f + 1309. What is the hundreds digit of f?
1
Let z(j) = -j**3 - 50*j**2 - 79*j + 24. What is the hundreds digit of z(-52)?
5
Suppose 47*p = 40*p + 35. Suppose -p*w - 2*k + 355 = 0, 2*w - 98 = -5*k + 23. What is the units digit of w?
3
Suppose 8*f = -6 + 1358. Let h be -2 - (1 + -2) - -93. Suppose 0 = 3*i - f - h. What is the units digit of i?
7
Let p(y) = 12*y**2 - 26*y - 65. What is the thousands digit of p(22)?
5
Let l(z) be the first derivative of -39 + 1/4*z**4 + 3*z**3 - 12*z - 25/2*z**2. What is the tens digit of l(-11)?
2
Suppose -5*s - 85 = 3*y - 401, s + 5*y = 50. Let k be s - (-4 - -4)/(-2). Suppose 11 = 4*o - k. What is the tens digit of o?
1
Let x = 909 - 224. Suppose -3*i - x = -g, -3*g - i = -g - 1391. What is the hundreds digit of g?
6
Suppose -n + 126 = -3*n. Let u = 119 + n. What is the hundreds digit of (-6)/8 - (-6706)/u?
1
Suppose -2*m - 3 = -3*m. Suppose m*u + f - 274 = 0, -3*u + 2*f = -8*u + 456. Suppose -3*d = -12, -5*y - 2*d = d - u. What is the tens digit of y?
1
Let l = 300 - 301. What is the units digit of 61 + 3 - (l - -2)?
3
Let f(t) be the first derivative of -t**2 + 16*t - 7. Let l be f(6). Suppose l*o + 0*d - 564 = -2*d, -5*o + 702 = 4*d. What is the tens digit of o?
4
Let c(m) = 298*m - 1001. What is the hundreds digit of c(29)?
6
Let w(n) = n**2 - 10. Let r be w(-3). Let m be (r - 0) + 1/2*0. What is the tens digit of -15*(1 - (9 + -2)) - m?
9
Let g be -1*(-12)/(-4) + (-14)/2. What is the hundreds digit of g/(1463/294 + -5)?
4
Suppose -h - h + 30 = 3*b, 0 = 3*b - h - 39. Suppose 24 - b = 3*f. Suppose -p - 109 = -2*p + z, -5*z + 463 = f*p. What is the hundreds digit of p?
1
Let h be ((-20)/(-50))/(3/(-1275)). Let a be (h/4)/((-16)/256). Suppose 3*l - 13*l + a = 0. What is the tens digit of l?
6
Let o(x) = -118*x. Suppose 10*d + 95 = 5*d. Let c = d + 17. What is the units digit of o(c)?
6
Suppose 5*m + 3*i - 35959 = -11268, 0 = m + i - 4937. What is the thousands digit of m?
4
Suppose -16 = -4*q + 8*q. Let l be 384/80*(-30)/q. Suppose -7*v - l = -8*v. What is the tens digit of v?
3
Let u(l) = 13*l**2 - 7*l + 64. Let a be u(7). Suppose 3*f + 4*d - a = 0, -3*d + d + 2 = 0. What is the hundreds digit of f?
2
What is the tens digit of (-15)/(-20) + (-174)/(-24) - -7575?
8
Suppose -64*y + 154948 + 384508 = 0. What is the hundreds digit of y?
4
Let o(p) be the first derivative of -31*p**5/120 + 7*p**4/24 - 4*p**3/3 + 1. Let k(g) be the third derivative of o(g). What is the units digit of k(-6)?
3
Let o = 69 - 58. What is the hundreds digit of o/(33/1710)*4/6?
3
Let o(r) = r**3 + 5*r**2 - 8*r - 14. Let i be o(-6). Let t(n) = -11*n + 5*n + 1 - 81*n + n + 4. What is the hundreds digit of t(i)?
1
Suppose -1601 = 5*j - v, -3*v + 1593 = -j - 4*j. Let i = 565 + j. What is the units digit of (-1 - 1)/((-4)/i)?
2
Let x(b) = b**3 - b**2 + 6*b + 1306. Suppose -97*t = -100*t. What is the thousands digit of x(t)?
1
Suppose 4*v = 2*n - 13554, -11431 - 8900 = -3*n + 3*v. What is the hundreds digit of n?
7
Suppose 0 = -91*t + 21*t + 481810. What is the tens digit of t?
8
Suppose 41 = -4*g - 215. What is the units digit of (-598)/(-8) - 16/g?
5
Let i(q) = -2*q - 5. Let y be i(-1). What is the tens digit of -3*97*(-3)/(-9)*y?
9
Let i = 530 - 527. Suppose s + 30 = i*w - 223, -5*w + s = -421. What is the tens digit of w?
8
Suppose 12*u + 35384 - 154520 = 0. What is the thousands digit of u?
9
Let g = 15 - 7. Suppose -5*j = -3*j + g. Let h(s) = 9*s**2 - 5*s + 6. What is the tens digit of h(j)?
7
Let f(l) = -3650*l - 151. What is the units digit of f(-3)?
9
Suppose -k + 20867 = -3*i, 30 = -0*i - 5*i. What is the tens digit of k?
4
Suppose 4*o - 5017 = -y, 182*y - 178*y = 5*o + 20026. What is the units digit of y?
9
Let u(c) be the first der